00 = 0. What is the tens digit of y?
4
What is the units digit of (-4905)/10*(-10)/15?
7
Suppose 3*x + 0 = 6. Let i = -2 + 3. What is the units digit of x*(1/2 + i)?
3
Let g(a) = 8*a + 2. Let c be g(-8). Let o = c + 88. What is the tens digit of o?
2
What is the units digit of 12/(-42) + 1492/28?
3
Let q = -8 + -27. Suppose -5*r = -27 + 7, 2*r = -4*j + 36. What is the units digit of 5/j + (-10)/q?
1
Let h(b) = 3*b - 14. What is the units digit of h(12)?
2
Suppose 0 = -h - 3, 2*w - 5*w = -h - 261. What is the units digit of (-6)/18 + w/6?
4
Let u = -6 - -6. Suppose u*o = 2*o. Suppose 0 = -o*s - 2*s + 22. What is the tens digit of s?
1
What is the tens digit of (3 + -4)*5 + 106?
0
Suppose 76 = 4*i + 4*h, -5*i = -10*i - h + 83. What is the units digit of i?
6
Let z = -523 - -884. What is the hundreds digit of z?
3
Suppose 38 = -2*a - 44. Let d = 14 - a. What is the units digit of 2/(-11) + 340/d?
6
Let x(j) be the second derivative of -5/12*j**4 + j**3 - 5/2*j**2 + j + 0 + 1/20*j**5. What is the units digit of x(4)?
3
Let l = -8 + 13. Suppose -l*p = -67 - 38. What is the units digit of p?
1
Let b = 8 + -4. Suppose -b*m = -6*m + 4. What is the units digit of m?
2
Let f(y) = -136*y + 10. What is the units digit of f(-2)?
2
Suppose -54 = 7*a - 13*a. What is the units digit of a?
9
Suppose 2*j - 3*g - 6 = 0, -3*j + 7*j + 2*g = 28. Let l = j - 2. What is the units digit of l?
4
What is the units digit of (2/4)/((-1)/(-166))?
3
Suppose 2*y - 132 = -4*p - 682, p + 124 = 4*y. Let a = p - -193. What is the units digit of a?
7
Let x be 17 + (-4)/(-2)*-1. Suppose -13*r = -x*r + 56. What is the tens digit of r?
2
Let y(l) = -2*l**3 - 8*l**2 + 16*l + 2. What is the units digit of y(-7)?
4
Let m = 31 + -9. What is the tens digit of m?
2
Let g(w) = -w - 6. Let f be g(-11). Suppose 0 = -2*r - f - 9. What is the units digit of (-75)/r + 4/14?
1
Let g(z) = z**3 - 5*z**2 + 5*z - 2. Let i be g(4). Suppose k - i*k - 12 = 0. Let u = -3 - k. What is the units digit of u?
9
Let t = 25 - 47. Let z = -12 - t. What is the tens digit of z?
1
What is the units digit of 348/15*(15/2 - 0)?
4
Let h(r) = -2*r**3 - 7*r**2 + 8*r + 1. What is the hundreds digit of h(-6)?
1
Let x(s) = -s - 8. Let u be x(6). Let l(r) = r**3 - 7*r**2 + 5*r + 4. Let j be l(4). Let w = u - j. What is the units digit of w?
0
What is the units digit of -9*(-1 + 8/12)?
3
Suppose -2*c - 532 = -6*c + 2*s, -5*c = 2*s - 656. What is the units digit of c?
2
Let g(n) = 6*n + 8 - 8*n - n**3 - 7*n**2 - 4*n. What is the units digit of g(-6)?
8
Let u(r) = r**2 - r - 16. What is the units digit of u(5)?
4
Let l(n) be the second derivative of -n**5/20 - n**4/2 + 7*n**3/6 + 3*n**2/2 + 3*n. Suppose 4 - 11 = p. What is the units digit of l(p)?
3
Let w(n) = -n**2 - 18*n - 9. What is the units digit of w(-15)?
6
Let i(z) = -z**3 - 5*z**2 + 10*z + 7. Let x be i(-7). Suppose -7*f + x = -2*f. What is the units digit of f?
7
Let x = -1 - 0. Let z = 6 + x. Suppose -34 = -z*p + 26. What is the tens digit of p?
1
Suppose 2*t + 0*t - 70 = 0. What is the units digit of t?
5
Let m be 0 - (0 + -4 + 2). Let i be 1*(8 + -3 - m). Let a = i + 14. What is the tens digit of a?
1
Suppose 5*p = -5*t + 6 + 14, -2*p = -4*t + 22. Let i(v) = 12*v**2 - v. What is the tens digit of i(p)?
1
Let z(o) = -6*o + 6. Let k(m) = m - 1. Let a(d) = 11*k(d) + 2*z(d). Let l be a(2). What is the units digit of l + (-7)/(-1) + 2?
8
Let k(d) = 3*d + 355. What is the tens digit of k(0)?
5
Let v(f) = 38*f - 37*f + f**2 - 4 + 1. Let z = 7 - 3. What is the units digit of v(z)?
7
Let n(t) = -2*t - 6. Let z be n(-6). Let u = z + 12. What is the tens digit of u?
1
Let r(n) = -1. Let j(t) = -t**3 + 2*t**2 - 3*t - 9. Let d(q) = j(q) - 6*r(q). What is the tens digit of d(-2)?
1
What is the units digit of 8/14*(-35)/(-10)?
2
Suppose x + 3 = 3*c, -2*x + 5*c = -3*x + 13. Suppose -8*o = -x*o - 10. What is the units digit of o?
2
Suppose -7*w + 3*w + 428 = 0. Let a = -63 + w. What is the units digit of a?
4
Let o be (2 + 1)/(36/(-48)). What is the tens digit of -30*(o + 21/6)?
1
Let m be -12*(1 - 2/8). Let i = 12 + m. What is the units digit of i?
3
Let w(u) = 2*u**3 - 8*u**2 + 6*u + 11. What is the tens digit of w(6)?
9
Suppose -13*q - 222 = -15*q. What is the units digit of q?
1
Suppose -7*l = -4*r - 3*l + 96, -4*l - 69 = -3*r. What is the tens digit of r?
2
Let g be 12/(10/(-4) + 2). Let n be 4/2 + (1 - g). Suppose 3*f - n = -3*h, -5*f + 7 + 18 = 3*h. What is the tens digit of h?
1
What is the units digit of 28 - (7/9 + (-8)/(-36))?
7
Let q = 54 + -26. Let o(r) = -r**2 + 3*r. Let f be o(3). Suppose -q = -f*t - 4*t. What is the units digit of t?
7
Let i be (-10 - -1 - 1) + 0. Let v = i - -30. What is the units digit of (v/6)/((-2)/(-6))?
0
Suppose s - 6 = -p, -2*p + 2 = -p + 2*s. What is the units digit of 4/p + 18/30?
1
Let j(k) = -k**2 - 6*k + 9. Let t be j(-7). Let g be 20 + t + -1 + -1. Let c = g - 14. What is the units digit of c?
6
Suppose -2*o = -t - 720, 0 = -t + 2*t + 2. What is the hundreds digit of o?
3
Suppose v + 0*v + 27 = 0. Let p = -4 - v. What is the tens digit of p?
2
What is the hundreds digit of (-6)/(-24) + (-4555)/(-20)?
2
Let n(h) = -h - 10. Let g be n(-8). What is the units digit of 2*-1 + (1 - g)?
1
Let b(o) = 5*o + 6. What is the tens digit of b(4)?
2
Let b(q) = -7*q + 2. Suppose -2*s = -16 + 4. Let d(o) = 13*o - 3. Let u(z) = s*d(z) + 11*b(z). What is the units digit of u(11)?
5
Let c(i) = 6*i**2 + 5*i - 2. Let s(q) = -3*q**2 - 3*q + 1. Let t(u) = 3*c(u) + 5*s(u). What is the units digit of t(-2)?
1
Let o be -2*1*(-5 - 9). Suppose -3*a = -7*a - o. What is the units digit of (3*-4)/(7/a)?
2
What is the tens digit of ((-50)/5)/((-1)/8)?
8
Suppose 4*w = -w - 205. Let z(g) = -8*g**2 + g + 2. Let x be z(2). Let d = x - w. What is the units digit of d?
3
Suppose 4*q - 3*q = 11. What is the tens digit of q?
1
Let y(c) be the first derivative of 7*c**2/2 - 18*c - 2. What is the units digit of y(8)?
8
Suppose -x + 3*i = -3, 2*x - 6*x + 5*i = -40. Let h = -13 + 18. Suppose -4*j + x = -h. What is the units digit of j?
5
Let u = 5 + 1. Suppose -u*m = -m - 35. What is the units digit of m?
7
Let w = -32 - -96. Suppose 0 = l - 5*l - w. What is the units digit of -1 + l/((-3)/3)?
5
Let r = -28 - -31. What is the units digit of r?
3
Let t(o) = -8*o**2 + 21*o + 29. Let i(z) = 3*z**2 - 7*z - 10. Let v(g) = -11*i(g) - 4*t(g). What is the units digit of v(-5)?
4
Suppose -18*m = -16*m - 30. What is the units digit of m?
5
Let a(d) = -d + 1. Let s(j) = -j - 7. Let v be s(-7). What is the units digit of a(v)?
1
Suppose -3*y + 7 = -8. Suppose 4*f + 4*g = 0, -5*f - y*g = -2*f + 6. What is the units digit of f?
3
What is the tens digit of (-2)/(-2) + 2 - -22?
2
Let x = 229 - 40. What is the units digit of x?
9
What is the units digit of ((-544)/(-10) - -5) + (-2)/5?
9
Suppose 105 = 31*o - 26*o. What is the units digit of o?
1
Suppose 0 = d + 5*n + 15, -4*d - 3*n + 3 = -d. What is the units digit of d?
5
Let p(c) = c**2 + 4*c - 5. Let s be p(-5). Let u = -5 + s. Let q = 16 + u. What is the units digit of q?
1
Let o be -1 - (-11 - 2 - 1). Let t = o - 4. What is the units digit of t?
9
Suppose 0 = -3*d + 6*d. Suppose -5*g - 3*v + 15 = d, 0*v = 3*v. Suppose 25 = g*l - 2. What is the units digit of l?
9
Let a(v) = 17*v - 21. What is the tens digit of a(8)?
1
Suppose -c = -0*c + 2*m - 5, 4*c - 3*m - 9 = 0. Let i(d) = d**3 - d**2 - 3*d - 2. What is the units digit of i(c)?
7
Let j be 396/(-8)*4/(-6). Suppose 2*z = 5*r - 86, 4*r + 2*z - j = 25. What is the units digit of r?
6
Let t(o) = -13*o - 55. What is the tens digit of t(-8)?
4
Suppose -4*k + 77 = 5*w, 0 = -w + 2*w + k - 15. Suppose 0 = 2*g - 7*g - 5*c + 65, -g = -5*c + w. What is the units digit of g?
8
Let o = 102 + -3. Suppose 0 = 5*u - 2*u - o. What is the units digit of u?
3
Let q(u) = u**2 - 6*u + 10. What is the units digit of q(12)?
2
Let q(s) = -40*s**3 + 2*s**2 + 2*s. What is the tens digit of q(-1)?
4
Suppose 304 = 40*m - 38*m. What is the units digit of m?
2
Let a(o) = o**2 - 13*o + 8. Let r(g) = g**2 - 12*g + 9. Let u(m) = -3*a(m) + 2*r(m). What is the tens digit of u(4)?
3
Let h be (3 + 15)*2/(-4). Let t be (-3)/h*3 + 4. Suppose -i = -2, 3*m + 15 = -t*i + 58. What is the tens digit of m?
1
Suppose 2*m - 112 